 p(g) = -4*g**3 - 7*g**2 - 5*g - 6. Let q(r) = 2*p(r) + 3*v(r). Calculate q(-4).
-5
Let p(y) = 2 - 7*y - 11*y + 17*y + y**3. Calculate p(0).
2
Let o(t) = -t. Let g(x) = x**2 - 5. Let f(j) = g(j) + 4*o(j). Determine f(6).
7
Suppose 5*i + 25 = -2*w + 7*w, -4*i - w - 10 = 0. Let l(y) = -y**3 - 4*y**2 + y + 3. What is l(i)?
-9
Let f = -15 - -18. Let z(a) = -3*a**2 - a**3 + 8*a + 0*a**3 + 3 - 1. Let j(c) = -c**3 - 2*c**2 + 7*c + 2. Let t(p) = -5*j(p) + 4*z(p). Calculate t(f).
-2
Let m(v) be the first derivative of -v + 11. Let i(c) = c + 2. Let w(z) = 4*i(z) + 5*m(z). What is w(-5)?
-17
Suppose 6 = -3*u - 6. Let v(f) be the first derivative of -f**3/3 - 3*f**2/2 - f + 1. Give v(u).
-5
Let f = -14 - -8. Let r(h) = -h**3 - 7*h**2 - 4*h + 6. Determine r(f).
-6
Let n(y) = -y + 1. Let u(a) = a**2 - 9*a + 7. Let o = 12 + -10. Let v(c) = o*n(c) - u(c). Give v(5).
5
Let d(t) = 25*t**2 + 5 - 8*t**2 - 10*t - 16*t**2. Calculate d(9).
-4
Let j be -3*(-3 + 2/1). Suppose 0*b - 3 = -j*b. Let d(u) = 3*u**2 - 2*u + 7. Let p(l) = -3*l**2 + 2*l - 8. Let t(q) = 7*d(q) + 6*p(q). Determine t(b).
2
Let w(a) be the third derivative of -a**4/12 + a**2. What is w(-1)?
2
Let b(g) = g**3 - 3*g**2 - 3*g + 6. Let h = -4 - -8. Give b(h).
10
Suppose x + 1 + 7 = 2*a, 0 = -2*x + a - 1. Let d(m) = 2*m**2 - m**x + 3*m - 3*m - 4 - 3*m. Give d(4).
0
Suppose 11 + 1 = 3*a. Let d = a - 7. Let p(k) = 6*k**2 - 16*k + 10. Let v(l) = l**2 - 3*l + 2. Let w(c) = -2*p(c) + 11*v(c). Give w(d).
-4
Let y(o) = -17*o - 5. Let s = 4 - 13. Let n(b) = -4*b - 1. Let g(l) = s*n(l) + 2*y(l). What is g(-5)?
-11
Let m(d) = -3*d. Let y = 8 - 4. Suppose 0 = -t + 2*b + 7, 4*t - y = b + 3. Determine m(t).
-3
Suppose 10 = 2*z + 4. Let p be 2 + 5/((-10)/(-6)). Let c(x) = x**2 + 8*x - 1. Let o(t) = -2*t**2 - 15*t + 1. Let k(v) = p*c(v) + z*o(v). Calculate k(-5).
-2
Let r(j) = -j - 5*j - 6 + 3*j + 15. Give r(8).
-15
Let n(v) = v**2 - 3*v + 2. Suppose -4*l + 18 = -l. Suppose -l*p = -2*p - 16. Let t be p/(-6)*(-36)/8. Determine n(t).
2
Let z(i) = 6*i**2 + 1 - 9*i**2 + 2*i - 2*i**2. Determine z(-1).
-6
Let x(u) be the third derivative of u**7/840 + u**6/360 - u**5/24 - u**4/8 - 2*u**3/3 - 2*u**2. Let t(h) be the first derivative of x(h). Give t(-3).
-6
Let m(u) = -2*u + 5. Suppose 7*b - 12 = 4*b. Let v be (6/(-9))/(b/(-30)). What is m(v)?
-5
Suppose -2 = -h - 4. Let y be (-2)/(-2*3/9). Let c(q) = -3*q**2 - 1 + q**y + 3 + 3*q**2 - q + 2*q**2. Determine c(h).
4
Let p(g) = -4 - 2 + 5 + 0 - g. Let j(w) = -3*w**2 - 6*w - 3. Let x(c) = j(c) - 4*p(c). What is x(1)?
-4
Let o(j) = 5*j**2 + 6 - 7 + 7 - 5*j + j**3. Let h be (1/((-1)/(-6)))/(-1). Calculate o(h).
0
Let j(y) = -4*y + y - 259 + 258. Determine j(3).
-10
Suppose t + 2 = -2*u, -5*t - 6 = 5*u - 1. Let l = 5 + t. Let z(f) = -6*f + f - f**3 + f + l*f**2 + 3. Calculate z(4).
3
Let v be (12/9)/(1/3). Suppose 2*l - 17 = 3*t - 7, 15 = 3*l + v*t. Let r(y) = y - 5. Determine r(l).
0
Let m(n) be the third derivative of -n**6/24 - n**5/20 + n**4/8 - n**3/6 - n**2. Let o(j) = j**2 - j. Let r(i) = -m(i) - 3*o(i). Calculate r(-1).
-4
Let k(p) = p**2 - 5*p + 5. Let z be k(5). Suppose 0*b - 15 = -z*b, 10 = 4*u + 2*b. Let i(g) = -5*g**2 - g**3 + 0*g**3 - u - 4 - 4*g. What is i(-4)?
-5
Let i be 205/65 + (-4)/26. Suppose -i*q - 5*j - 24 = 0, 0*j + 2*j + 21 = -5*q. Let g(x) = x + 3. What is g(q)?
0
Let i(l) = l - 1. Let v(y) = -2*y + 1. Let a(w) = -5*i(w) - 2*v(w). Determine a(5).
-2
Let c(k) = 19*k - 11. Let q(i) = 4*i - 2. Let m(v) = -2*c(v) + 11*q(v). Suppose -r + 2 = -t + 4*t, 3*t - 5*r = -28. Let s be 2/(t - 1) - -2. Determine m(s).
6
Let q(p) = -p**3 - p**2 - 2. Let n(j) = j**2 - 6*j + 7. Let d be n(5). Suppose -d*c - 1 + 11 = 0. Suppose 13 = -c*a + 3. Calculate q(a).
2
Let b(t) = t**2 + 5*t - 1. Suppose 0*g - 3*g = -3*j + 18, -9 = -2*j - g. Suppose 5*n + 36 = -9. Let x = j + n. What is b(x)?
-5
Let z = -9 - -14. Let o be z + 2/(-3)*3. Let v(x) = -x**3 + 2*x**2 + 3*x. Determine v(o).
0
Let b(t) = 3*t**3 - 4*t**3 + 0*t**3 + 5 - 4*t + 5*t**2. Suppose -3*m + 8*m - 20 = 0. What is b(m)?
5
Let v(w) = -6*w + 3. Let o(t) = -t**3 - 4*t + 3. Let g be o(0). What is v(g)?
-15
Let w(g) = 3*g**2 + g. Let y(v) = -10*v**2 - 4*v - 1. Let o(p) = 7*w(p) + 2*y(p). Let z be o(-2). Let c(a) = a**2 - 3*a - 4. What is c(z)?
0
Suppose 0*x - 12 = -4*x. Let a(w) be the second derivative of -w**5/20 + w**4/4 + w**3/6 - 2*w. Calculate a(x).
3
Let f(m) be the second derivative of m**3/6 + 2*m**2 + 11*m. Determine f(-5).
-1
Suppose -7*i - i = 48. Let n(g) = -g**2 - 5*g - 7. Determine n(i).
-13
Suppose c - 3 = -0*c. Let i be (-6)/(c - 1/1). Let n = -2 - i. Let d(j) = 3*j**3. Calculate d(n).
3
Let u(n) = 3*n + 14. Let q(b) = -10*b - 43. Let f(c) = -2*q(c) - 7*u(c). Give f(-9).
-3
Let q(a) = -6*a**2 - a. Let g = -22 - -27. Let p(d) = -d + 4. Let u be p(g). Calculate q(u).
-5
Let w(d) = 36 - 19 - 20 + d. Calculate w(0).
-3
Let n(k) be the second derivative of -k**3/6 - k**2 - k. Let f be 16/9 + (-4)/(-18). Let o = 6 - f. Determine n(o).
-6
Let m(r) be the first derivative of r**6/20 + r**5/60 - r**4/24 + r**3/6 + r**2/2 - 9. Let l(x) be the second derivative of m(x). Determine l(1).
7
Let m(i) = -3*i - 2. Let z be (45/12)/(3/8). Suppose 0*d - 5*d = z. Give m(d).
4
Suppose -6 = -0*r + r. Let c(a) = a - 2. Let i(h) = 3 - 18*h + 2 + 16*h. Let u(o) = r*i(o) - 13*c(o). Give u(-5).
1
Let p(h) = -h**2 - h + 2. Suppose 3*k = -q - 2*q - 9, -2*k = -3*q - 4. Let w = -5 + 5. Let n = w - q. What is p(n)?
-4
Let r(p) = 21 - p - 43 + 2*p + 27. Determine r(5).
10
Suppose -5 = h, 0 = -3*p - h + 3 - 5. Let f(c) = 1 - c + 5 - p. Determine f(5).
0
Let s(n) be the first derivative of n**3/3 - 5*n**2/2 + 2*n - 1. Let p be s(5). Let d(i) = -4*i**2 + i - 3*i**2 - 4*i**3 + 6*i**p + 3*i**2. Give d(-1).
5
Let d(u) be the first derivative of u**4/12 - u**3/6 + 9*u**2/2 - 5*u - 1. Let c(w) be the first derivative of d(w). Give c(0).
9
Let p(v) = v**3 + 4*v**2 - 5*v + 2. Let i = -5 + 9. Suppose -s = 1 + i. Give p(s).
2
Let d be 1*-2 + (-2)/(-1). Let v(i) be the first derivative of i**4/24 + i**3/3 - 3*i**2/2 + 1. Let k(f) be the second derivative of v(f). Give k(d).
2
Let p(u) = -u - 5 + 4 + 5. Give p(3).
1
Let v = 12 + -7. Suppose -4*m - m - 4 = d, -4*d + 20 = 2*m. Let c(q) = 1 + 4 - d*q + q + q**2. Calculate c(v).
5
Let g(v) = -4*v + 3 - 4*v + 7*v + 0. Suppose 0 = z - 4. What is g(z)?
-1
Let j(f) = -f**2 - 8*f - 8. Let i(g) = -g**3 - 4*g**2 + 3. Let n be i(-3). What is j(n)?
4
Let w = -19 - -14. Let a(o) be the third derivative of o**4/8 + 5*o**3/6 + 3*o**2. Calculate a(w).
-10
Let n(s) = -2*s - 6. Let o(h) = h + 1. Suppose -2*t - 4*q = 26, -6*q + q = -2*t + 10. Let l be o(t). Calculate n(l).
2
Let h(f) = f**2 - 5*f + 2. Let p be h(2). Suppose 0 = -u - 4*u. Let t(b) = -b**2 - 3 + 2*b**2 + 4*b + u*b**2. Determine t(p).
-3
Let i(y) = -y**3 - 5*y**2 - 5*y - 3. Let o(h) = h**2 + 11*h - 3. Let a be o(-11). Calculate i(a).
-6
Let j(d) be the third derivative of d**7/630 + d**6/720 + d**4/24 + d**2. Let v(l) be the second derivative of j(l). Let a be 1*((-15)/3 + 4). Determine v(a).
3
Let q(f) = f**3 + 4*f**2 + 3*f - 4. Let s(z) = 3*z**2 - 4*z**2 - 10 + 12*z - 4. Let u be s(11). Calculate q(u).
-4
Let y = 7 + -5. Let j(f) = -2*f + 8*f**2 + 1 + 2*f**3 - 15*f**2 + 7*f**y. What is j(1)?
1
Let x(o) = -4*o - 4. Suppose 3*u + 16 - 7 = 0. What is x(u)?
8
Let i(g) = -3*g + 3. Let y = 10 - 6. Let x(p) = -p - 7. Let c(k) = -2*k - 8. Let v(h) = y*c(h) - 5*x(h). Let j(t) = -5*i(t) + 6*v(t). Give j(4).
-9
Let p(a) = -9*a - 1. Let k be 3/(-2) - 28/(-8). Suppose -d + 3 = k*d. Give p(d).
-10
Suppose -3*r - 3*g + 24 = 0, -3*g - 2 = -r - 14. Suppose -r = -x, -x - 3*x = -4*h - 20. Let c(j) = 5 - 5*j - 5 + 1. Give c(h).
11
Let a(r) = -r**2 - 8*r. Let n be a(-8). Suppose 3*t - 16 = -f - 7, n = 2*t + f - 6. Let z(v) = -2*v - 1 + 2*v**3 + 0*v**t - 3*v**3 - 3*v**2. Give z(-3).
5
Let h(f) be the second derivative of -f**6/720 - f**5/24 - f**4/6 - 4*f. Let w(u) be the third derivative of h(u). Let s be 1/(0 - 1)*5. Give w(s).
0
Let p(z) = -2*z**3 - 1 - 228*z + 3*z**3 + 232*z - 2. Give p(2).
13
Let n(h) = 2*h - 9. Let y(m) = m - 3. Let j(k) = -3*n(k) + 8*y(k). Let w be ((-19)/2 - -2)*14/21. Give j(w).
-7
Let v be 222/(-4)*(-4)/3. Suppose 5*t - 4*i - v = -i, 4*t + i - 66 = 